{"id":77,"date":"2025-04-08T20:56:31","date_gmt":"2025-04-08T20:56:31","guid":{"rendered":"https:\/\/baseballschule.at\/?page_id=77"},"modified":"2025-12-28T20:17:56","modified_gmt":"2025-12-28T20:17:56","slug":"home","status":"publish","type":"page","link":"https:\/\/baseballschule.at\/","title":{"rendered":"HOME"},"content":{"rendered":"\n<div id=\"wp-block-themeisle-blocks-advanced-columns-e0b0eab2\" class=\"wp-block-themeisle-blocks-advanced-columns has-1-columns has-desktop-equal-layout has-tablet-equal-layout has-mobile-equal-layout has-vertical-unset\"><div class=\"wp-block-themeisle-blocks-advanced-columns-overlay\"><\/div><div class=\"innerblocks-wrap\">\n<div id=\"wp-block-themeisle-blocks-advanced-column-7beff5b8\" class=\"wp-block-themeisle-blocks-advanced-column\">\n<div style=\"height:300px\" aria-hidden=\"true\" class=\"wp-block-spacer\"><\/div>\n<\/div>\n<\/div><\/div>\n\n\n\n<div id=\"wp-block-themeisle-blocks-advanced-columns-d98d761c\" class=\"wp-block-themeisle-blocks-advanced-columns has-1-columns has-desktop-equal-layout has-tablet-equal-layout has-mobile-equal-layout has-vertical-unset\"><div class=\"wp-block-themeisle-blocks-advanced-columns-overlay\"><\/div><div class=\"innerblocks-wrap\">\n<div id=\"wp-block-themeisle-blocks-advanced-column-bced2b49\" class=\"wp-block-themeisle-blocks-advanced-column\"><div class=\"wp-block-themeisle-blocks-advanced-column-overlay\"><\/div>\n<h1 class=\"wp-block-heading has-text-align-center o-typing-delay-100ms\" style=\"padding-top:0;padding-right:0;padding-bottom:0;padding-left:0;font-size:80px\"><o-anim-typing>Baseball spielen in Wien!<\/o-anim-typing><\/h1>\n\n\n\n<p class=\"has-text-align-center has-large-font-size\" style=\"padding-top:var(--wp--preset--spacing--20);padding-right:var(--wp--preset--spacing--80);padding-bottom:var(--wp--preset--spacing--20);padding-left:var(--wp--preset--spacing--80)\">Entdecke den Trendsport f\u00fcr Dich und komm zu einem <strong>GRATIS<\/strong> Schnuppertraining in \u00d6sterreichs erfolgreichster Baseball-Schule.<\/p>\n\n\n\n<div class=\"wp-block-buttons is-content-justification-center is-layout-flex wp-container-core-buttons-is-layout-16018d1d wp-block-buttons-is-layout-flex\">\n<div class=\"wp-block-button animated bounceIn is-style-default\"><a class=\"wp-block-button__link has-nv-site-bg-color has-text-color has-background has-link-color wp-element-button\" href=\"https:\/\/baseballschule.at\/?page_id=431\" style=\"background-color:#cf1416\">Trainingstermine checken<\/a><\/div>\n\n\n\n<div class=\"wp-block-button animated bounceIn is-style-default\"><a class=\"wp-block-button__link has-nv-site-bg-color has-text-color has-background has-link-color wp-element-button\" href=\"https:\/\/forms.gle\/arzkTNTGX2To8Q9F9\" style=\"background-color:#cf1416\" target=\"_blank\" rel=\"noreferrer noopener\">Rookie Coaches Clinic ANMELDEN<\/a><\/div>\n<\/div>\n\n\n\n<figure class=\"wp-block-image size-large\"><img fetchpriority=\"high\" decoding=\"async\" width=\"1024\" height=\"737\" src=\"https:\/\/mlijmc7a4smg.i.optimole.com\/w:1024\/h:737\/q:mauto\/ig:avif\/https:\/\/baseballschule.at\/wp-content\/uploads\/2025\/07\/baseball_gear_freigestellt.png\" alt=\"\" class=\"wp-image-363\" srcset=\"https:\/\/mlijmc7a4smg.i.optimole.com\/w:1024\/h:737\/q:mauto\/ig:avif\/https:\/\/baseballschule.at\/wp-content\/uploads\/2025\/07\/baseball_gear_freigestellt.png 1024w, https:\/\/mlijmc7a4smg.i.optimole.com\/w:300\/h:216\/q:mauto\/ig:avif\/https:\/\/baseballschule.at\/wp-content\/uploads\/2025\/07\/baseball_gear_freigestellt.png 300w, https:\/\/mlijmc7a4smg.i.optimole.com\/w:768\/h:553\/q:mauto\/ig:avif\/https:\/\/baseballschule.at\/wp-content\/uploads\/2025\/07\/baseball_gear_freigestellt.png 768w, https:\/\/mlijmc7a4smg.i.optimole.com\/w:1501\/h:1080\/q:mauto\/ig:avif\/https:\/\/baseballschule.at\/wp-content\/uploads\/2025\/07\/baseball_gear_freigestellt.png 1536w, https:\/\/mlijmc7a4smg.i.optimole.com\/w:1500\/h:1080\/q:mauto\/ig:avif\/https:\/\/baseballschule.at\/wp-content\/uploads\/2025\/07\/baseball_gear_freigestellt.png 2048w\" sizes=\"(max-width: 1024px) 100vw, 1024px\" \/><\/figure>\n\n\n\n<h2 class=\"wp-block-heading has-text-align-center\"><strong>Dein Abenteuer BASEBALL startet hier<\/strong><\/h2>\n<\/div>\n<\/div><\/div>\n\n\n\n<div id=\"wp-block-themeisle-blocks-advanced-columns-2dde6280\" class=\"wp-block-themeisle-blocks-advanced-columns has-1-columns has-desktop-equal-layout has-tablet-equal-layout has-mobile-equal-layout has-vertical-unset\"><div class=\"wp-block-themeisle-blocks-advanced-columns-overlay\"><\/div><div class=\"innerblocks-wrap\">\n<div id=\"wp-block-themeisle-blocks-advanced-column-3e40de3e\" class=\"wp-block-themeisle-blocks-advanced-column\"><div class=\"wp-block-themeisle-blocks-advanced-column-overlay\"><\/div>\n<p><strong>Mit Spa\u00df, Teamgeist &amp; echten Freundschaften<\/strong><\/p>\n\n\n\n<p><em>Entdecke den faszinierenden Sport Baseball mitten in Wien! In unserer Baseball-Schule lernst du Werfen, Schlagen und Fangen, mit erfahrenen Trainerinnen, spannenden Trainings und ganz viel Teamgeist.<br>Bei uns findest du nicht nur Sport, sondern auch Gemeinschaft, Familie und neue Freundschaften f\u00fcrs Leben.<\/em><\/p>\n\n\n\n<figure class=\"wp-block-image size-large\"><img fetchpriority=\"high\" decoding=\"async\" width=\"1024\" height=\"737\" src=\"https:\/\/mlijmc7a4smg.i.optimole.com\/w:1024\/h:737\/q:mauto\/ig:avif\/https:\/\/baseballschule.at\/wp-content\/uploads\/2025\/07\/baseball_field_freigestellt.png\" alt=\"\" class=\"wp-image-368\" srcset=\"https:\/\/mlijmc7a4smg.i.optimole.com\/w:1024\/h:737\/q:mauto\/ig:avif\/https:\/\/baseballschule.at\/wp-content\/uploads\/2025\/07\/baseball_field_freigestellt.png 1024w, https:\/\/mlijmc7a4smg.i.optimole.com\/w:300\/h:216\/q:mauto\/ig:avif\/https:\/\/baseballschule.at\/wp-content\/uploads\/2025\/07\/baseball_field_freigestellt.png 300w, https:\/\/mlijmc7a4smg.i.optimole.com\/w:768\/h:553\/q:mauto\/ig:avif\/https:\/\/baseballschule.at\/wp-content\/uploads\/2025\/07\/baseball_field_freigestellt.png 768w, https:\/\/mlijmc7a4smg.i.optimole.com\/w:1501\/h:1080\/q:mauto\/ig:avif\/https:\/\/baseballschule.at\/wp-content\/uploads\/2025\/07\/baseball_field_freigestellt.png 1536w, https:\/\/mlijmc7a4smg.i.optimole.com\/w:1500\/h:1080\/q:mauto\/ig:avif\/https:\/\/baseballschule.at\/wp-content\/uploads\/2025\/07\/baseball_field_freigestellt.png 2048w\" sizes=\"(max-width: 1024px) 100vw, 1024px\" \/><\/figure>\n\n\n\n<h2 class=\"wp-block-heading has-text-align-center\">Neuigkeiten aus der Baseball-Schule<\/h2>\n\n\n<div class=\"is-style-boxed has-light-bg wp-block-themeisle-blocks-posts-grid\" id=\"wp-block-themeisle-blocks-posts-grid-897de8f9\"><div class=\"is-list\"><div class=\"o-posts-grid-post-blog o-posts-grid-post-plain\"><div class=\"o-posts-grid-post\"><div class=\"o-posts-grid-post-image\"><a href=\"https:\/\/baseballschule.at\/?p=599\"><img data-opt-src=\"https:\/\/mlijmc7a4smg.i.optimole.com\/w:auto\/h:auto\/q:mauto\/ig:avif\/https:\/\/baseballschule.at\/wp-content\/uploads\/2025\/12\/image0-edited.jpeg\"  decoding=\"async\" width=\"853\" height=\"640\" src=\"data:image/svg+xml,%3Csvg%20viewBox%3D%220%200%20100%%20100%%22%20width%3D%22100%%22%20height%3D%22100%%22%20xmlns%3D%22http%3A%2F%2Fwww.w3.org%2F2000%2Fsvg%22%3E%3Crect%20width%3D%22100%%22%20height%3D%22100%%22%20fill%3D%22%23002fad%22%2F%3E%3C%2Fsvg%3E\" class=\"attachment-full size-full\" alt=\"\u26be U7\/8 Shines in First International Tournament\" old-srcset=\"https:\/\/mlijmc7a4smg.i.optimole.com\/w:auto\/h:auto\/q:mauto\/ig:avif\/https:\/\/baseballschule.at\/wp-content\/uploads\/2025\/12\/image0-edited.jpeg 853w, https:\/\/mlijmc7a4smg.i.optimole.com\/w:300\/h:225\/q:mauto\/ig:avif\/https:\/\/baseballschule.at\/wp-content\/uploads\/2025\/12\/image0-edited.jpeg 300w, https:\/\/mlijmc7a4smg.i.optimole.com\/w:768\/h:576\/q:mauto\/ig:avif\/https:\/\/baseballschule.at\/wp-content\/uploads\/2025\/12\/image0-edited.jpeg 768w\" \/><\/a><\/div><div class=\"o-posts-grid-post-body\"><span class=\"o-posts-grid-post-category\"><a href=\"https:\/\/baseballschule.at\/?cat=8\">Tournament<\/a><\/span><h4 class=\"o-posts-grid-post-title\"><a href=\"https:\/\/baseballschule.at\/?p=599\">\u26be U7\/8 Shines in First International Tournament<\/a><\/h4><p class=\"o-posts-grid-post-meta\">Posted on <time datetime=\"2025-12-08T14:37:49+00:00\">Dezember 8, 2025<\/time> by <a href=\"https:\/\/baseballschule.at\/?author=2\">Manuel Scharf<\/a><\/p><div class=\"o-posts-grid-post-description\"><p>U7\/U8 Team Shines in First International Tournaments in the Czech Republic Our youngest baseball kid\u2026<\/p><\/div><\/div><\/div><\/div><div class=\"o-posts-grid-post-blog o-posts-grid-post-plain\"><div class=\"o-posts-grid-post\"><div class=\"o-posts-grid-post-image\"><a href=\"https:\/\/baseballschule.at\/?p=576\"><img data-opt-src=\"https:\/\/mlijmc7a4smg.i.optimole.com\/w:auto\/h:auto\/q:mauto\/ig:avif\/https:\/\/baseballschule.at\/wp-content\/uploads\/2025\/12\/image-9.png\"  decoding=\"async\" width=\"1798\" height=\"1351\" src=\"data:image/svg+xml,%3Csvg%20viewBox%3D%220%200%20100%%20100%%22%20width%3D%22100%%22%20height%3D%22100%%22%20xmlns%3D%22http%3A%2F%2Fwww.w3.org%2F2000%2Fsvg%22%3E%3Crect%20width%3D%22100%%22%20height%3D%22100%%22%20fill%3D%22%23002fad%22%2F%3E%3C%2Fsvg%3E\" class=\"attachment-full size-full\" alt=\"\u26be U12 Mit mentalem Superkleber zum Erfolg\" old-srcset=\"https:\/\/mlijmc7a4smg.i.optimole.com\/w:auto\/h:auto\/q:mauto\/ig:avif\/https:\/\/baseballschule.at\/wp-content\/uploads\/2025\/12\/image-9.png 1798w, https:\/\/mlijmc7a4smg.i.optimole.com\/w:300\/h:225\/q:mauto\/ig:avif\/https:\/\/baseballschule.at\/wp-content\/uploads\/2025\/12\/image-9.png 300w, https:\/\/mlijmc7a4smg.i.optimole.com\/w:1024\/h:769\/q:mauto\/ig:avif\/https:\/\/baseballschule.at\/wp-content\/uploads\/2025\/12\/image-9.png 1024w, https:\/\/mlijmc7a4smg.i.optimole.com\/w:768\/h:577\/q:mauto\/ig:avif\/https:\/\/baseballschule.at\/wp-content\/uploads\/2025\/12\/image-9.png 768w, https:\/\/mlijmc7a4smg.i.optimole.com\/w:1437\/h:1080\/q:mauto\/ig:avif\/https:\/\/baseballschule.at\/wp-content\/uploads\/2025\/12\/image-9.png 1536w\" \/><\/a><\/div><div class=\"o-posts-grid-post-body\"><span class=\"o-posts-grid-post-category\"><a href=\"https:\/\/baseballschule.at\/?cat=14\">League<\/a><\/span><h4 class=\"o-posts-grid-post-title\"><a href=\"https:\/\/baseballschule.at\/?p=576\">\u26be U12 Mit mentalem Superkleber zum Erfolg<\/a><\/h4><p class=\"o-posts-grid-post-meta\">Posted on <time datetime=\"2025-11-26T22:01:47+00:00\">November 26, 2025<\/time> by <a href=\"https:\/\/baseballschule.at\/?author=2\">Manuel Scharf<\/a><\/p><div class=\"o-posts-grid-post-description\"><p>Vienna Hurricanes U12: Mentale St\u00e4rkeals Superkleber zum Erfolg Wie ein Team durch Vertrauen, mental\u2026<\/p><\/div><\/div><\/div><\/div><div class=\"o-posts-grid-post-blog o-posts-grid-post-plain\"><div class=\"o-posts-grid-post\"><div class=\"o-posts-grid-post-image\"><a href=\"https:\/\/baseballschule.at\/?p=589\"><img data-opt-src=\"https:\/\/mlijmc7a4smg.i.optimole.com\/w:auto\/h:auto\/q:mauto\/ig:avif\/https:\/\/baseballschule.at\/wp-content\/uploads\/2025\/12\/DSC_0124-scaled.jpg\"  decoding=\"async\" width=\"2560\" height=\"1696\" src=\"data:image/svg+xml,%3Csvg%20viewBox%3D%220%200%20100%%20100%%22%20width%3D%22100%%22%20height%3D%22100%%22%20xmlns%3D%22http%3A%2F%2Fwww.w3.org%2F2000%2Fsvg%22%3E%3Crect%20width%3D%22100%%22%20height%3D%22100%%22%20fill%3D%22%23002fad%22%2F%3E%3C%2Fsvg%3E\" class=\"attachment-full size-full\" alt=\"\u26be Bronzemedaille bei der U10-\u00d6M\" old-srcset=\"https:\/\/mlijmc7a4smg.i.optimole.com\/w:auto\/h:auto\/q:mauto\/ig:avif\/https:\/\/baseballschule.at\/wp-content\/uploads\/2025\/12\/DSC_0124-scaled.jpg 2560w, https:\/\/mlijmc7a4smg.i.optimole.com\/w:300\/h:199\/q:mauto\/ig:avif\/https:\/\/baseballschule.at\/wp-content\/uploads\/2025\/12\/DSC_0124.jpg 300w, https:\/\/mlijmc7a4smg.i.optimole.com\/w:1024\/h:678\/q:mauto\/ig:avif\/https:\/\/baseballschule.at\/wp-content\/uploads\/2025\/12\/DSC_0124.jpg 1024w, https:\/\/mlijmc7a4smg.i.optimole.com\/w:768\/h:509\/q:mauto\/ig:avif\/https:\/\/baseballschule.at\/wp-content\/uploads\/2025\/12\/DSC_0124.jpg 768w, https:\/\/mlijmc7a4smg.i.optimole.com\/w:1536\/h:1017\/q:mauto\/ig:avif\/https:\/\/baseballschule.at\/wp-content\/uploads\/2025\/12\/DSC_0124.jpg 1536w, https:\/\/mlijmc7a4smg.i.optimole.com\/w:1631\/h:1080\/q:mauto\/ig:avif\/https:\/\/baseballschule.at\/wp-content\/uploads\/2025\/12\/DSC_0124.jpg 2048w\" \/><\/a><\/div><div class=\"o-posts-grid-post-body\"><span class=\"o-posts-grid-post-category\"><a href=\"https:\/\/baseballschule.at\/?cat=8\">Tournament<\/a><\/span><h4 class=\"o-posts-grid-post-title\"><a href=\"https:\/\/baseballschule.at\/?p=589\">\u26be Bronzemedaille bei der U10-\u00d6M<\/a><\/h4><p class=\"o-posts-grid-post-meta\">Posted on <time datetime=\"2025-10-30T22:10:36+00:00\">Oktober 30, 2025<\/time> by <a href=\"https:\/\/baseballschule.at\/?author=2\">Manuel Scharf<\/a><\/p><div class=\"o-posts-grid-post-description\"><p>Und zum Schluss noch: die Bronzemedaille bei der U10-\u00d6MNach unserem \u00e4u\u00dferst erfolgreichen Finish in \u2026<\/p><\/div><\/div><\/div><\/div><div class=\"o-posts-grid-post-blog o-posts-grid-post-plain\"><div class=\"o-posts-grid-post\"><div class=\"o-posts-grid-post-image\"><a href=\"https:\/\/baseballschule.at\/?p=542\"><img data-opt-src=\"https:\/\/mlijmc7a4smg.i.optimole.com\/w:auto\/h:auto\/q:mauto\/ig:avif\/https:\/\/baseballschule.at\/wp-content\/uploads\/2025\/07\/strike-scaled.jpeg\"  decoding=\"async\" width=\"2560\" height=\"1810\" src=\"data:image/svg+xml,%3Csvg%20viewBox%3D%220%200%20100%%20100%%22%20width%3D%22100%%22%20height%3D%22100%%22%20xmlns%3D%22http%3A%2F%2Fwww.w3.org%2F2000%2Fsvg%22%3E%3Crect%20width%3D%22100%%22%20height%3D%22100%%22%20fill%3D%22%23002fad%22%2F%3E%3C%2Fsvg%3E\" class=\"attachment-full size-full\" alt=\"\u26beHERBSTFERIEN &#8211; STARTER CAMP\" old-srcset=\"https:\/\/mlijmc7a4smg.i.optimole.com\/w:auto\/h:auto\/q:mauto\/ig:avif\/https:\/\/baseballschule.at\/wp-content\/uploads\/2025\/07\/strike-scaled.jpeg 2560w, https:\/\/mlijmc7a4smg.i.optimole.com\/w:300\/h:212\/q:mauto\/ig:avif\/https:\/\/baseballschule.at\/wp-content\/uploads\/2025\/07\/strike.jpeg 300w, https:\/\/mlijmc7a4smg.i.optimole.com\/w:1024\/h:724\/q:mauto\/ig:avif\/https:\/\/baseballschule.at\/wp-content\/uploads\/2025\/07\/strike.jpeg 1024w, https:\/\/mlijmc7a4smg.i.optimole.com\/w:768\/h:543\/q:mauto\/ig:avif\/https:\/\/baseballschule.at\/wp-content\/uploads\/2025\/07\/strike.jpeg 768w, https:\/\/mlijmc7a4smg.i.optimole.com\/w:1527\/h:1080\/q:mauto\/ig:avif\/https:\/\/baseballschule.at\/wp-content\/uploads\/2025\/07\/strike.jpeg 1536w, https:\/\/mlijmc7a4smg.i.optimole.com\/w:1527\/h:1080\/q:mauto\/ig:avif\/https:\/\/baseballschule.at\/wp-content\/uploads\/2025\/07\/strike.jpeg 2048w\" \/><\/a><\/div><div class=\"o-posts-grid-post-body\"><span class=\"o-posts-grid-post-category\"><a href=\"https:\/\/baseballschule.at\/?cat=7\">Events<\/a><\/span><h4 class=\"o-posts-grid-post-title\"><a href=\"https:\/\/baseballschule.at\/?p=542\">\u26beHERBSTFERIEN &#8211; STARTER CAMP<\/a><\/h4><p class=\"o-posts-grid-post-meta\">Posted on <time datetime=\"2025-10-20T19:36:13+00:00\">Oktober 20, 2025<\/time> by <a href=\"https:\/\/baseballschule.at\/?author=2\">Manuel Scharf<\/a><\/p><div class=\"o-posts-grid-post-description\"><p>\u26beBaseball Intensivtraining in den Herbstferien\u26be WMS Anton-Krieger-GasseAnton-Krieger-Gasse 25, 1230 \u2026<\/p><\/div><\/div><\/div><\/div><div class=\"o-posts-grid-post-blog o-posts-grid-post-plain\"><div class=\"o-posts-grid-post\"><div class=\"o-posts-grid-post-image\"><a href=\"https:\/\/baseballschule.at\/?p=481\"><img data-opt-src=\"https:\/\/mlijmc7a4smg.i.optimole.com\/w:auto\/h:auto\/q:mauto\/ig:avif\/https:\/\/baseballschule.at\/wp-content\/uploads\/2025\/09\/final4_2_2025.jpeg\"  decoding=\"async\" width=\"1280\" height=\"853\" src=\"data:image/svg+xml,%3Csvg%20viewBox%3D%220%200%20100%%20100%%22%20width%3D%22100%%22%20height%3D%22100%%22%20xmlns%3D%22http%3A%2F%2Fwww.w3.org%2F2000%2Fsvg%22%3E%3Crect%20width%3D%22100%%22%20height%3D%22100%%22%20fill%3D%22%23002fad%22%2F%3E%3C%2Fsvg%3E\" class=\"attachment-full size-full\" alt=\"\u26be U10 Final Four East League\" old-srcset=\"https:\/\/mlijmc7a4smg.i.optimole.com\/w:auto\/h:auto\/q:mauto\/ig:avif\/https:\/\/baseballschule.at\/wp-content\/uploads\/2025\/09\/final4_2_2025.jpeg 1280w, https:\/\/mlijmc7a4smg.i.optimole.com\/w:300\/h:200\/q:mauto\/ig:avif\/https:\/\/baseballschule.at\/wp-content\/uploads\/2025\/09\/final4_2_2025.jpeg 300w, https:\/\/mlijmc7a4smg.i.optimole.com\/w:1024\/h:682\/q:mauto\/ig:avif\/https:\/\/baseballschule.at\/wp-content\/uploads\/2025\/09\/final4_2_2025.jpeg 1024w, https:\/\/mlijmc7a4smg.i.optimole.com\/w:768\/h:512\/q:mauto\/ig:avif\/https:\/\/baseballschule.at\/wp-content\/uploads\/2025\/09\/final4_2_2025.jpeg 768w, https:\/\/mlijmc7a4smg.i.optimole.com\/w:930\/h:620\/q:mauto\/rt:fill\/g:ce\/ig:avif\/https:\/\/baseballschule.at\/wp-content\/uploads\/2025\/09\/final4_2_2025.jpeg 930w\" \/><\/a><\/div><div class=\"o-posts-grid-post-body\"><span class=\"o-posts-grid-post-category\"><a href=\"https:\/\/baseballschule.at\/?cat=14\">League<\/a><\/span><h4 class=\"o-posts-grid-post-title\"><a href=\"https:\/\/baseballschule.at\/?p=481\">\u26be U10 Final Four East League<\/a><\/h4><p class=\"o-posts-grid-post-meta\">Posted on <time datetime=\"2025-09-20T13:32:39+00:00\">September 20, 2025<\/time> by <a href=\"https:\/\/baseballschule.at\/?author=2\">Manuel Scharf<\/a><\/p><div class=\"o-posts-grid-post-description\"><p>U10 Final Four East League Jetzt ist es wirklich passiert! Underdog &#8211; ich liebe dieses Wort. L\u2026<\/p><\/div><\/div><\/div><\/div><div class=\"o-posts-grid-post-blog o-posts-grid-post-plain\"><div class=\"o-posts-grid-post\"><div class=\"o-posts-grid-post-image\"><a href=\"https:\/\/baseballschule.at\/?p=487\"><img data-opt-src=\"https:\/\/mlijmc7a4smg.i.optimole.com\/w:auto\/h:auto\/q:mauto\/ig:avif\/https:\/\/baseballschule.at\/wp-content\/uploads\/2025\/09\/game-vs-firebirds.jpeg\"  decoding=\"async\" width=\"1280\" height=\"720\" src=\"data:image/svg+xml,%3Csvg%20viewBox%3D%220%200%20100%%20100%%22%20width%3D%22100%%22%20height%3D%22100%%22%20xmlns%3D%22http%3A%2F%2Fwww.w3.org%2F2000%2Fsvg%22%3E%3Crect%20width%3D%22100%%22%20height%3D%22100%%22%20fill%3D%22%23002fad%22%2F%3E%3C%2Fsvg%3E\" class=\"attachment-full size-full\" alt=\"\u26be U10 @ Firebirds\" old-srcset=\"https:\/\/mlijmc7a4smg.i.optimole.com\/w:auto\/h:auto\/q:mauto\/ig:avif\/https:\/\/baseballschule.at\/wp-content\/uploads\/2025\/09\/game-vs-firebirds.jpeg 1280w, https:\/\/mlijmc7a4smg.i.optimole.com\/w:300\/h:169\/q:mauto\/ig:avif\/https:\/\/baseballschule.at\/wp-content\/uploads\/2025\/09\/game-vs-firebirds.jpeg 300w, https:\/\/mlijmc7a4smg.i.optimole.com\/w:1024\/h:576\/q:mauto\/ig:avif\/https:\/\/baseballschule.at\/wp-content\/uploads\/2025\/09\/game-vs-firebirds.jpeg 1024w, https:\/\/mlijmc7a4smg.i.optimole.com\/w:768\/h:432\/q:mauto\/ig:avif\/https:\/\/baseballschule.at\/wp-content\/uploads\/2025\/09\/game-vs-firebirds.jpeg 768w\" \/><\/a><\/div><div class=\"o-posts-grid-post-body\"><span class=\"o-posts-grid-post-category\"><a href=\"https:\/\/baseballschule.at\/?cat=14\">League<\/a><\/span><h4 class=\"o-posts-grid-post-title\"><a href=\"https:\/\/baseballschule.at\/?p=487\">\u26be U10 @ Firebirds<\/a><\/h4><p class=\"o-posts-grid-post-meta\">Posted on <time datetime=\"2025-09-14T13:33:00+00:00\">September 14, 2025<\/time> by <a href=\"https:\/\/baseballschule.at\/?author=2\">Manuel Scharf<\/a><\/p><div class=\"o-posts-grid-post-description\"><p>U10 @Firebirds Was wirklich nicht zu erwarten war. Manchmal geschehen Dinge, die eigentlich so nicht\u2026<\/p><\/div><\/div><\/div><\/div><\/div> <\/div>\n\n\n<div style=\"height:100px\" aria-hidden=\"true\" class=\"wp-block-spacer\"><\/div>\n<\/div>\n<\/div><\/div>\n","protected":false},"excerpt":{"rendered":"","protected":false},"author":2,"featured_media":0,"parent":0,"menu_order":0,"comment_status":"closed","ping_status":"closed","template":"","meta":{"neve_meta_sidebar":"","neve_meta_container":"","neve_meta_enable_content_width":"","neve_meta_content_width":0,"neve_meta_title_alignment":"","neve_meta_author_avatar":"","neve_post_elements_order":"","neve_meta_disable_header":"","neve_meta_disable_footer":"","neve_meta_disable_title":"","neve_meta_reading_time":"","_themeisle_gutenberg_block_has_review":false,"footnotes":""},"class_list":["post-77","page","type-page","status-publish","hentry"],"_links":{"self":[{"href":"https:\/\/baseballschule.at\/index.php?rest_route=\/wp\/v2\/pages\/77","targetHints":{"allow":["GET"]}}],"collection":[{"href":"https:\/\/baseballschule.at\/index.php?rest_route=\/wp\/v2\/pages"}],"about":[{"href":"https:\/\/baseballschule.at\/index.php?rest_route=\/wp\/v2\/types\/page"}],"author":[{"embeddable":true,"href":"https:\/\/baseballschule.at\/index.php?rest_route=\/wp\/v2\/users\/2"}],"replies":[{"embeddable":true,"href":"https:\/\/baseballschule.at\/index.php?rest_route=%2Fwp%2Fv2%2Fcomments&post=77"}],"version-history":[{"count":62,"href":"https:\/\/baseballschule.at\/index.php?rest_route=\/wp\/v2\/pages\/77\/revisions"}],"predecessor-version":[{"id":609,"href":"https:\/\/baseballschule.at\/index.php?rest_route=\/wp\/v2\/pages\/77\/revisions\/609"}],"wp:attachment":[{"href":"https:\/\/baseballschule.at\/index.php?rest_route=%2Fwp%2Fv2%2Fmedia&parent=77"}],"curies":[{"name":"wp","href":"https:\/\/api.w.org\/{rel}","templated":true}]}}